{"id":2141,"date":"2026-04-30T10:22:01","date_gmt":"2026-04-30T08:22:01","guid":{"rendered":"https:\/\/www.langenachtderpartizipation.at\/?portfolio=das-tor-zum-bus-haltestellenqualitaet-als-einstieg-ins-mobilitaetssystem"},"modified":"2026-04-30T10:22:01","modified_gmt":"2026-04-30T08:22:01","slug":"das-tor-zum-bus-haltestellenqualitaet-als-einstieg-ins-mobilitaetssystem","status":"publish","type":"portfolio","link":"https:\/\/www.langenachtderpartizipation.at\/?portfolio=das-tor-zum-bus-haltestellenqualitaet-als-einstieg-ins-mobilitaetssystem","title":{"rendered":"Das Tor zum Bus \u2013 Haltestellenqualit\u00e4t als Einstieg ins Mobilit\u00e4tssystem"},"content":{"rendered":"\n<p><strong>Organisation: <\/strong>arge haltestelle<\/p>\n\n\n\n<p>In Bregenz entscheidet sich an rund 80 Haltestellen, ob Menschen \u00fcberhaupt Zugang zum \u00f6ffentlichen Verkehr finden. Doch dieser Zugang ist vielerorts mangelhaft: Haltestellen sind schlecht sichtbar, unzureichend beleuchtet, selten gereinigt, ohne digitale Fahrgastinformation und teils gef\u00e4hrlich in Einfahrten gelegen. Barrierefreiheit fehlt h\u00e4ufig. Der schlechte Zustand dieser Tore signalisiert: \u00d6ffentlicher Verkehr hat keinen Stellenwert. Unser Projekt macht diesen blinden Fleck sichtbar: Wir wollen im Projekt systematisch alle Haltestellen dokumentieren, sie nach Kriterien wie Sicherheit, Barrierefreiheit, Beleuchtung, Sauberkeit und Fahrgastinformation bewerten \u2013 und entwickeln daraus konkrete Verbesserungsvorschl\u00e4ge. Diese bringen wir in den Dialog mit Stadtpolitik, Verkehrsbetrieben und Verwaltung ein. Vorarbeiten sind bereits geleistet: Eine Stichprobenerhebung liegt vor, erste Politikkontakte sind gekn\u00fcpft. Nun geht es darum, das Thema breit sichtbar zu machen und gemeinsam mit B\u00fcrgerinnen, Expertinnen und Entscheidungstr\u00e4ger*innen L\u00f6sungen zu erarbeiten. Wer den \u00f6ffentlichen Verkehr st\u00e4rken will, muss bei den Haltestellen anfangen. Wir wollen zeigen: Partizipation schafft bessere Mobilit\u00e4t f\u00fcr alle.<\/p>\n\n\n\n<p><strong>Schlagworte: <\/strong>Gemeindegebiet Bregenz<\/p>\n\n\n\n<p><\/p>\n\n","protected":false},"excerpt":{"rendered":"<p>Organisation: arge haltestelle In Bregenz entscheidet sich an rund 80 Haltestellen, ob Menschen \u00fcberhaupt Zugang zum \u00f6ffentlichen Verkehr finden. Doch dieser Zugang ist vielerorts mangelhaft: Haltestellen sind schlecht sichtbar, unzureichend beleuchtet, selten gereinigt, ohne digitale Fahrgastinformation und teils gef\u00e4hrlich in Einfahrten gelegen. Barrierefreiheit fehlt h\u00e4ufig. Der schlechte Zustand dieser Tore signalisiert: \u00d6ffentlicher Verkehr hat keinen [&hellip;]<\/p>\n","protected":false},"featured_media":2140,"template":"","meta":{"site-sidebar-layout":"default","site-content-layout":"","ast-site-content-layout":"default","site-content-style":"default","site-sidebar-style":"default","ast-global-header-display":"","ast-banner-title-visibility":"","ast-main-header-display":"","ast-hfb-above-header-display":"","ast-hfb-below-header-display":"","ast-hfb-mobile-header-display":"","site-post-title":"","ast-breadcrumbs-content":"","ast-featured-img":"","footer-sml-layout":"","ast-disable-related-posts":"","theme-transparent-header-meta":"","adv-header-id-meta":"","stick-header-meta":"","header-above-stick-meta":"","header-main-stick-meta":"","header-below-stick-meta":"","astra-migrate-meta-layouts":"default","ast-page-background-enabled":"default","ast-page-background-meta":{"desktop":{"background-color":"","background-image":"","background-repeat":"repeat","background-position":"center center","background-size":"auto","background-attachment":"scroll","background-type":"","background-media":"","overlay-type":"","overlay-color":"","overlay-opacity":"","overlay-gradient":""},"tablet":{"background-color":"","background-image":"","background-repeat":"repeat","background-position":"center center","background-size":"auto","background-attachment":"scroll","background-type":"","background-media":"","overlay-type":"","overlay-color":"","overlay-opacity":"","overlay-gradient":""},"mobile":{"background-color":"","background-image":"","background-repeat":"repeat","background-position":"center center","background-size":"auto","background-attachment":"scroll","background-type":"","background-media":"","overlay-type":"","overlay-color":"","overlay-opacity":"","overlay-gradient":""}},"ast-content-background-meta":{"desktop":{"background-color":"var(--ast-global-color-5)","background-image":"","background-repeat":"repeat","background-position":"center center","background-size":"auto","background-attachment":"scroll","background-type":"","background-media":"","overlay-type":"","overlay-color":"","overlay-opacity":"","overlay-gradient":""},"tablet":{"background-color":"var(--ast-global-color-5)","background-image":"","background-repeat":"repeat","background-position":"center center","background-size":"auto","background-attachment":"scroll","background-type":"","background-media":"","overlay-type":"","overlay-color":"","overlay-opacity":"","overlay-gradient":""},"mobile":{"background-color":"var(--ast-global-color-5)","background-image":"","background-repeat":"repeat","background-position":"center center","background-size":"auto","background-attachment":"scroll","background-type":"","background-media":"","overlay-type":"","overlay-color":"","overlay-opacity":"","overlay-gradient":""}}},"tags":[],"project_type":[17],"class_list":["post-2141","portfolio","type-portfolio","status-publish","has-post-thumbnail","hentry","project_type-17"],"_links":{"self":[{"href":"https:\/\/www.langenachtderpartizipation.at\/index.php?rest_route=\/wp\/v2\/portfolio\/2141","targetHints":{"allow":["GET"]}}],"collection":[{"href":"https:\/\/www.langenachtderpartizipation.at\/index.php?rest_route=\/wp\/v2\/portfolio"}],"about":[{"href":"https:\/\/www.langenachtderpartizipation.at\/index.php?rest_route=\/wp\/v2\/types\/portfolio"}],"wp:featuredmedia":[{"embeddable":true,"href":"https:\/\/www.langenachtderpartizipation.at\/index.php?rest_route=\/wp\/v2\/media\/2140"}],"wp:attachment":[{"href":"https:\/\/www.langenachtderpartizipation.at\/index.php?rest_route=%2Fwp%2Fv2%2Fmedia&parent=2141"}],"wp:term":[{"taxonomy":"post_tag","embeddable":true,"href":"https:\/\/www.langenachtderpartizipation.at\/index.php?rest_route=%2Fwp%2Fv2%2Ftags&post=2141"},{"taxonomy":"project_type","embeddable":true,"href":"https:\/\/www.langenachtderpartizipation.at\/index.php?rest_route=%2Fwp%2Fv2%2Fproject_type&post=2141"}],"curies":[{"name":"wp","href":"https:\/\/api.w.org\/{rel}","templated":true}]}}

Das Tor zum Bus – Haltestellenqualität als Einstieg ins Mobilitätssystem

<p><strong>Organisation: </strong>arge haltestelle</p>



<p>In Bregenz entscheidet sich an rund 80 Haltestellen, ob Menschen überhaupt Zugang zum öffentlichen Verkehr finden. Doch dieser Zugang ist vielerorts mangelhaft: Haltestellen sind schlecht sichtbar, unzureichend beleuchtet, selten gereinigt, ohne digitale Fahrgastinformation und teils gefährlich in Einfahrten gelegen. Barrierefreiheit fehlt häufig. Der schlechte Zustand dieser Tore signalisiert: Öffentlicher Verkehr hat keinen Stellenwert. Unser Projekt macht diesen blinden Fleck sichtbar: Wir wollen im Projekt systematisch alle Haltestellen dokumentieren, sie nach Kriterien wie Sicherheit, Barrierefreiheit, Beleuchtung, Sauberkeit und Fahrgastinformation bewerten – und entwickeln daraus konkrete Verbesserungsvorschläge. Diese bringen wir in den Dialog mit Stadtpolitik, Verkehrsbetrieben und Verwaltung ein. Vorarbeiten sind bereits geleistet: Eine Stichprobenerhebung liegt vor, erste Politikkontakte sind geknüpft. Nun geht es darum, das Thema breit sichtbar zu machen und gemeinsam mit Bürgerinnen, Expertinnen und Entscheidungsträger*innen Lösungen zu erarbeiten. Wer den öffentlichen Verkehr stärken will, muss bei den Haltestellen anfangen. Wir wollen zeigen: Partizipation schafft bessere Mobilität für alle.</p>



<p><strong>Schlagworte: </strong>Gemeindegebiet Bregenz</p>



<p></p>

<p>Organisation: arge haltestelle In Bregenz entscheidet sich an rund 80 Haltestellen, ob Menschen überhaupt Zugang zum öffentlichen Verkehr finden. Doch dieser Zugang ist vielerorts mangelhaft: Haltestellen sind schlecht sichtbar, unzureichend beleuchtet, selten gereinigt, ohne digitale Fahrgastinformation und teils gefährlich in Einfahrten gelegen. Barrierefreiheit fehlt häufig. Der schlechte Zustand dieser Tore signalisiert: Öffentlicher Verkehr hat keinen [&hellip;]</p>
